t w be a(d). Suppose 4*p = -p + w. Calculate the remainder when 47 is divided by p.
23
Let f(j) = j**3 - 3*j**2 - 2*j - 3. Let a be f(3). Let d = a + 34. Calculate the remainder when 72 is divided by d.
22
Suppose -3*m + 4 = 13. Let c = m - -20. What is the remainder when c is divided by (-7 + 5)*-1 - -8?
7
Let g(z) = z**3 + 34*z**2 + 32*z - 24. What is the remainder when 71 is divided by g(-33)?
8
What is the remainder when 249 is divided by (-1743)/(-70) - 2/(-20)?
24
Suppose -2*y - y = 5*f - 49, 0 = y - f - 11. Let b = 43 - -7. Calculate the remainder when b is divided by y.
11
Let n = -682 + 765. What is the remainder when n is divided by 14?
13
Let a be (3/3)/((-2)/(-8)). Suppose c = -5*w + 8, 4*c = 2*c - a*w + 28. Suppose -45 = -2*d + 23. Calculate the remainder when d is divided by c.
16
Suppose -3*k + k + 54 = 0. What is the remainder when k is divided by 122/24 + 16/(-192)?
2
Suppose 4*c = 4*j, -2*j - 1 = -c - 3. Suppose k = -5*u + j*k + 312, 5*u - 330 = -5*k. Let n = 8 - -8. Calculate the remainder when u is divided by n.
15
Let h be 3/2*140/42. Suppose d = -d + h*x + 21, -3*d + 3 = 2*x. What is the remainder when 14 is divided by d?
2
Let f(u) = -u**2 + 6*u + 3. Let o be f(6). Let n be (19/(-4) + o)*-4. Suppose n*t - 175 = 2*t. What is the remainder when t is divided by 9?
8
Suppose 0 = 3*v + 4*g - 156, 2*g = 3*g + 3. What is the remainder when v is divided by 33?
23
Let f(z) = z**3 + 12*z**2 + 11*z + 9. Let u be 1/1*(2 - -4 - 15). Calculate the remainder when f(u) is divided by 12.
9
Suppose -11 = 4*f + 237. Let r = f - -106. Calculate the remainder when 129 is divided by r.
41
Let m = -201 + 237. What is the remainder when m is divided by 8?
4
Let d(r) = 2*r**2 + 12*r - 8. What is the remainder when d(9) is divided by 19?
15
Let l(c) be the first derivative of -c**4/4 + c**3/3 + 24*c + 10. What is the remainder when 93 is divided by l(0)?
21
What is the remainder when ((-16)/16)/(4/(-1272)) is divided by 10?
8
Suppose 74 = s + 13. Let t be (-3)/(-4 - (-5)/2). What is the remainder when s is divided by (-110)/(-7) + t + 12/(-7)?
13
Suppose -27 + 5 = -2*g. Let s = 96 + -71. Let j = s - g. Calculate the remainder when j is divided by 4.
2
Let n(o) = -13*o + 71. What is the remainder when 70 is divided by n(3)?
6
Let u = 58 - 68. Calculate the remainder when (-13 + 3)/(4/u) is divided by 16.
9
Let v(r) = r**2 + 9*r + 16. Let i be v(-9). What is the remainder when 187 is divided by 2*148/i + (-3)/(-6)?
16
Suppose -9*a + 132 = -6*a. What is the remainder when a is divided by 2?
0
Let b(s) = 161*s + 3089. Calculate the remainder when (-2)/3 - 712/(-6) is divided by b(-19).
28
Let f be (-16 + 4/2)*-1. Let s(v) be the second derivative of -v**4/12 + 5*v**3/2 + 13*v**2/2 - v. Calculate the remainder when s(f) is divided by 7.
6
Suppose -15*j + 283 = 73. What is the remainder when 361 is divided by j?
11
Let g(s) = -s**2 + 14*s + 7. Suppose -3*z + 15 + 21 = 0. Let a(v) = v + 1. What is the remainder when g(z) is divided by a(15)?
15
Suppose j - v + 6*v - 90 = 0, 0 = -2*j - 3*v + 208. Suppose 0 = 12*w + 16*w - 448. What is the remainder when j is divided by w?
14
Let j be (-4)/16 + (-39)/(-12). Suppose 0 = -3*y - 5*z + 82, -z + 77 = 3*y + j*z. Calculate the remainder when 54 is divided by y.
16
Suppose -74 = -8*l + 574. Calculate the remainder when l is divided by 22 + 2*3/(-6) + 0.
18
Let c(n) = -93*n + 17. Calculate the remainder when c(-4) is divided by 56.
53
Suppose -4*i + 86 = 2*j, -2*i + 7*i = -j + 115. Suppose -i = -7*w + 6*w. What is the remainder when 70 is divided by w?
22
Suppose g - 18 = -0*g. Suppose 42*d - 342 = -132. What is the remainder when g is divided by d?
3
Suppose -106*b = -27452 - 31272. Calculate the remainder when b is divided by 112.
106
Suppose -4*a = -120 + 24. Suppose 0*i + 221 = 3*h + 2*i, 5*h - 3*i - 343 = 0. Calculate the remainder when h is divided by a.
23
Suppose -o - o + 3*d = -34, 68 = 4*o + 3*d. Suppose 96 = -0*r + 3*r. Calculate the remainder when r is divided by o.
15
Let z be (5/15)/((-1)/(-75)). Let b = z + 0. Suppose -h - 3*y + 3 = 0, 4*h - 2*y - 15 = b. Calculate the remainder when 15 is divided by h.
6
Suppose -4*c = -30 - 158. Suppose c + 19 = i. Calculate the remainder when i is divided by 2 + -2 + 25 + -2.
20
Let o = -2 + -8. Calculate the remainder when (3 - -5)*o/(-4) is divided by (-84)/(-9)*(-60)/(-70).
4
Suppose u = 5*g + 83, -274 + 83 = -2*u + 5*g. Let w be 1*-1*(1 - 1). Suppose w = 3*j - 81 - u. What is the remainder when j is divided by 16?
15
Let s(h) = 2*h**2 - 27*h + 74. Calculate the remainder when s(17) is divided by 28.
25
Let p(k) = -k**3 + 10*k**2 - 10*k + 11. Let j be p(9). Suppose 3*m = j*m + 21. What is the remainder when 39 is divided by m?
18
What is the remainder when ((-22)/(-3))/((-4)/(-42)) is divided by (26860/(-4029))/((50/(-12))/5)?
5
Suppose c + 5*d - 126 = 0, -5*d - 414 = -3*c - 8*d. What is the remainder when c is divided by 6?
3
Let x be 0*(0 - (-2)/(-4)). Suppose x*z + 2*z - 190 = 0. Suppose -5*o = -z - 15. Calculate the remainder when o is divided by 12.
10
Calculate the remainder when 33 is divided by 6 - 2 - (0 + -1).
3
Suppose -2*h = -2*x + 49 - 9, 0 = 3*x + h - 76. Calculate the remainder when 108 is divided by x.
12
Suppose -43 = 8*l - 11. What is the remainder when 60 + (1/2)/(2/l) is divided by 23?
13
Let j = 42 - -26. Suppose 9 + 13 = a - v, 2*a = -4*v + j. Calculate the remainder when a is divided by 16.
10
Let p(v) = -5*v**3 + 86*v**2 - 14*v + 37. What is the remainder when p(17) is divided by 14?
4
Suppose 9*i = -261 + 18. Calculate the remainder when 70 is divided by (i/(-2))/(9/12).
16
Let s(w) = w. Let o be s(1). Suppose -o = -2*d + 73. What is the remainder when 73 is divided by d?
36
Let j = -8 - -1. What is the remainder when (j - -16) + 3/3 is divided by 8 - 1 - (-1 + 2)?
4
Let c = 412 - 406. What is the remainder when 35 is divided by c?
5
Let x(n) = 6*n + 206. Calculate the remainder when 331 is divided by x(-23).
59
Suppose -4*z + 30 = z. Let g be (-3 - 14/(-6))*z. What is the remainder when (-286)/(-12) - g/24 is divided by 13?
11
Let n = 1069 + -973. Calculate the remainder when n is divided by 9.
6
Let y = -56 - -103. Let d(k) = k**2 + 7*k + 12. Calculate the remainder when y is divided by d(-7).
11
Suppose -11*w + 12*w - 13 = 0. Let s = w + -8. Suppose 3*a - 11 = -5*r + 86, -3*r + 167 = s*a. Calculate the remainder when 135 is divided by a.
33
Suppose 5*d + 3*v + 9 = 2*d, -d + 2*v = -12. Let l = d - -5. Calculate the remainder when (-252)/24*(-48)/l is divided by 25.
22
Let j(l) be the third derivative of 7*l**4/24 + l**3/2 - 6*l**2. Calculate the remainder when 79 is divided by j(1).
9
Suppose 93 = 4*f - u, 3*f - 3*u - 45 = 36. Calculate the remainder when 607 is divided by f.
13
Suppose 4*b - 30 = -b. Let z be ((-201)/9)/(4/(-12) + 0). Let u = z - 52. Calculate the remainder when u is divided by b.
3
Suppose -252 = -5*v + 4*n + 83, 56 = v - 3*n. Suppose 53 + 23 = 4*m. What is the remainder when v is divided by m?
14
Suppose -14 = k + 5*g, -5*k = -g - 3 - 31. Suppose -t = -k*t + 25. Calculate the remainder when 23 is divided by t.
3
Suppose -30 = -y - 2*y + 3*w, w = -y + 16. Suppose 565 = y*h + 188. Calculate the remainder when 112 is divided by h.
25
Suppose 131*w + 128 = 135*w. What is the remainder when w is divided by 27?
5
Suppose -4*m + 13*m = 531. Suppose 3*t = -0*t + 63. What is the remainder when m is divided by t?
17
Let n = 275 - 264. Calculate the remainder when 50 is divided by n.
6
Suppose 667 = 3*r - 5*f, r + 5*f = -0*f + 229. Calculate the remainder when r is divided by 97.
30
Let x = -1 + 2. Let l = -58 + 72. What is the remainder when 22/4*10*x is divided by l?
13
Suppose -2*r - 5*j = -8, 5*j = 5*r - 23 + 3. Calculate the remainder when 4/(-2)*(-230)/r is divided by 40.
35
Let l(c) = 4*c - c - 2*c - 2. Suppose -5*b + 47 = 2*y, -38*y + 5*b - 58 = -41*y. What is the remainder when 24 is divided by l(y)?
6
Let r = 107 + -105. Suppose s - 15 = -4*w, -4*w - 2*s = -4*s - 30. What is the remainder when w is divided by r?
1
Let z = 264 + -258. What is the remainder when 15 is divided by z?
3
Suppose 2*u + 3*u - 120 = -5*q, 84 = 5*q - 4*u. Let g = -46 + 58. Calculate the remainder when q is divided by g.
8
Suppose 0 = 44